h)?
6
What is the tens digit of 2 - 2 - (-62 - -1)?
6
Let u = 23 + -8. What is the tens digit of u?
1
Let t(n) = -n**3 - 9*n**2 + 7. Suppose -10 = -0*i + 2*i, 0 = -3*h - 2*i - 37. What is the units digit of t(h)?
7
Suppose 3*c = 8*c - 5. Let u be ((-22)/c)/(-1 + -1). Let d = -8 + u. What is the units digit of d?
3
Let t(s) = 2*s**2 - 5*s - 4. Let l be t(6). Suppose -57 = -5*o + 5*k + l, o - 25 = -k. What is the units digit of o?
2
Suppose 0*j + 118 = 2*j. What is the units digit of j?
9
Suppose -4*o = o - 230. What is the units digit of o?
6
Let i(f) = f**3 + 6*f**2 - f - 4. Let u be i(-6). Suppose 8 - 20 = u*m. What is the units digit of (-45)/m + (-2)/4?
7
Let n = -16 + 7. What is the units digit of 6/n + (-92)/(-12)?
7
What is the tens digit of -3 + (100 - (-1 + 2))?
9
Suppose -4 = y - 2*y. Suppose -r + 2*t = 7, 0 = 2*r + y*t - 31 + 5. Suppose -4*u + 3*u = -r. What is the units digit of u?
3
Let z = 16 + -22. Let f be 4/z - (-11)/3. What is the units digit of f/((-3)/9*-3)?
3
Let b(m) = m**3 + 4*m**2 - m - 4. Let j = -1 + 6. Let t = -8 + j. What is the units digit of b(t)?
8
Let v(o) = -7*o**3 - 3*o**2 - o - 1. What is the units digit of v(-2)?
5
Let c = 7 - 5. Suppose y = c*y - 4. What is the units digit of y?
4
Let j(z) = -z**2 + 11*z + 10. Let i be j(12). What is the tens digit of (-13)/i*2*1?
1
Let d(l) be the first derivative of -l**3/3 - l**2 + l + 2. Let g be d(1). Let b(w) = -2*w - 2. What is the units digit of b(g)?
2
Suppose 2 + 1 = s. What is the units digit of 8/1*3/s?
8
What is the units digit of (2/30)/(2/10)*15?
5
Suppose -9 = 2*a - a. Let u = 12 + a. What is the units digit of u?
3
Let f be 0 + (-2 - 0) + 4. Suppose -f*b - u = -20, 50 = -2*b + 7*b - u. What is the units digit of b?
0
Let p = -12 - -29. Suppose p = 2*q - 9. What is the units digit of q?
3
Let k(j) = 30*j**2. What is the tens digit of k(1)?
3
Let y = -35 - -51. What is the units digit of 2*y + 3/1?
5
Let r = 72 - 47. Let z = -10 + r. What is the tens digit of z?
1
Suppose 3*z - 21 = -0*z + 2*w, 3*w - 1 = -2*z. Suppose 0 = -z*k - 17 - 13. What is the tens digit of ((-8)/k)/(2/21)?
1
Suppose k = -2*k + 126. What is the units digit of k?
2
Let d(n) = n**3 - n**2 + n + 72. What is the tens digit of d(0)?
7
Let u(t) be the first derivative of -t**2 + 7*t + 5. What is the units digit of u(0)?
7
Let v = -267 - -409. What is the tens digit of v?
4
Let t = -2 - -8. Let s(v) = v + 4. What is the units digit of s(t)?
0
Let h = -6 + 10. Suppose -g - 14 = -3*v, -h*g + 29 = 3*v + 2*v. What is the units digit of g?
1
Let f = -13 - -24. What is the tens digit of f?
1
Let h = -3 - -6. Suppose w + 4*w = 5*q + 10, h*w = 9. What is the units digit of q?
1
Suppose -4*u - 92 + 272 = 0. What is the tens digit of u?
4
Suppose -4*b + 5 + 11 = 0. Suppose b*y + 0*y = -80. What is the units digit of (-85)/y - (-2)/(-8)?
4
Suppose 328 = 3*p - 122. What is the hundreds digit of p?
1
Let f(u) = u + 2. Let s be f(-2). Suppose -2 + 0 = -2*t. Let y = s + t. What is the units digit of y?
1
Suppose 4*l = 2*g - 32, 102 = 5*g + 2*l - l. Let w = 32 - g. Suppose 0 = -2*b - 0*b + w. What is the units digit of b?
6
Let p(x) = -4*x - 7. Let u(w) = -w + 1. Let o(s) = -p(s) + 3*u(s). Let i be o(-5). Suppose i*f - 3*f + l - 25 = 0, -5*l = -15. What is the units digit of f?
1
Let t(y) = 2*y**2 - 3*y + 11. What is the tens digit of t(6)?
6
Let n be (-1 + 8/6)*3. Let g(u) be the third derivative of 5*u**4/12 - u**3/6 - 3*u**2. What is the units digit of g(n)?
9
Let m = 1 - -9. Let g = -10 - -16. What is the units digit of (-1 + g)*8/m?
4
Let v = 328 - -44. What is the tens digit of v?
7
Let v(f) be the second derivative of -f**4/12 - 2*f**3 - 5*f**2 + f. What is the units digit of v(-4)?
2
Suppose -4*t + 5*t = 2*a - 4, -a + 3*t - 8 = 0. Suppose 0 = 4*d - 6*d + a. Let x(s) = 6*s - 3. What is the units digit of x(d)?
9
Let n = -7 + 17. Let i = n - -10. What is the tens digit of i?
2
Suppose -3146 = -7*y - 4*y. What is the hundreds digit of y?
2
Let o(k) = -k - 1. Suppose 5*g + 11 = -0*m + 3*m, -4*m - 24 = 3*g. What is the units digit of o(m)?
2
Suppose 2*u - 63 = -5*p, 2*u + 0*p - 39 = 3*p. What is the units digit of u?
4
Let q(l) = -2*l - 6. Let c be q(-4). Let k = 1 - 2. Let h = c - k. What is the units digit of h?
3
Let g(o) = -o**3 - 5*o**2 - 2*o + 5. Let f be g(-4). Let l be (3 - (-2 - f))*2. Suppose 2*m - 16 = l. What is the units digit of m?
0
Suppose -5*f = 2*x + 5, -4*f - 2 = x - 1. Let m = 2 - f. Suppose -a - 2*h - m = 2, -5*h = -2*a + 21. What is the units digit of a?
3
What is the units digit of 115/4 + (-6)/8?
8
Suppose -2*v + 37 = 3*k, 3*k + 0*k = 3*v - 33. What is the units digit of v?
4
Suppose l + l - 68 = 0. What is the tens digit of l?
3
Let w = 50 - -206. What is the units digit of w?
6
Let a be 32/14 + 8/(-28). Suppose 4*k - 3*k - 29 = -a*y, 0 = y - 2*k - 7. What is the tens digit of y?
1
Let n(h) = h**3 - 3*h**2 - 7*h + 2. Suppose 9*f = 4*f + 25. What is the tens digit of n(f)?
1
Suppose -21 = -2*b + 41. Let x = b - 6. What is the tens digit of x?
2
Suppose 2*r - 160 = -2*r. Let k = r - 29. What is the tens digit of k?
1
Suppose 3 = -5*o - 7. Let t = o - -3. What is the units digit of t?
1
What is the units digit of (-367)/(-4) - 1/(-4)?
2
Let t(q) be the third derivative of q**5/60 - 2*q**3/3 - q**2. What is the units digit of t(4)?
2
Let y be 1/4 + (-35)/(-4). Let d = -3 + y. Let m = 2 + d. What is the units digit of m?
8
Let u be 1/(-2*1/2). Let k(j) = -5*j - 1. What is the units digit of k(u)?
4
Let o = 8 - 4. Suppose -4*i + 83 = -3*d, -2*i + 3*i = -o*d + 16. What is the tens digit of i?
2
Let a be 11*-1*3/(-3). Suppose -5*l + 14 = -a. Suppose l*b = 3 + 42. What is the units digit of b?
9
Let i = 14 - -24. What is the tens digit of i?
3
Let x = -8 + 11. What is the tens digit of 12 - 0*x/(-6)?
1
Suppose 0 = 2*a - 5*q + 19, -2*q - q = a - 18. Let c be 0 - 30 - (a + -2). Let f = 43 + c. What is the units digit of f?
2
Suppose 2*o - o = 0. Suppose -4*d - v + 17 = o, -5*v = 4*d - 18 - 19. Suppose 0*u - 40 = -5*u + d*g, -2*u = -g - 17. What is the units digit of u?
1
Let n be 2/(-7) - 580/(-70). Suppose -4*k - 4*c = -8*k + n, -5*k + 4*c = -10. What is the units digit of k?
2
Suppose g + 3*i = 15, -13 = -4*g - 4*i + 7. Suppose g = 4*u - 0*u + t - 2, -4*u - 2*t = 0. What is the units digit of u?
1
Suppose 3*h + 12 = 3*n + 3, -5*n + 15 = -h. Suppose n*u - 38 = -5*p, -3*u + 3*p - 5*p + 44 = 0. What is the units digit of u?
6
Suppose 0*y = -3*y + 21. Suppose w = -c + 4, 2*c - y*c + 13 = -2*w. Suppose -5*m + 76 = 3*f, -5*f = -c*m + m + 18. What is the units digit of m?
4
Suppose 0 = 2*n - 3*n + 120. Suppose 5*w = w + n. What is the tens digit of w?
3
Let v(k) = -3*k - 2. Let a be v(-1). Suppose -5*j + w + 21 = 0, -a = -j - 5*w + 2*w. What is the units digit of j?
4
Suppose -f - 5*i = 9, -i - 5 = 3*f + 3*i. What is the units digit of f?
1
Let j be (-221 - 2) + 2/(-2). Let r be j/20 - 1/(-5). Let k = r + 15. What is the units digit of k?
4
Let l be (-1 - -2)*3 - 1. Suppose -l*c - 3*c + 30 = 0. What is the units digit of c?
6
Suppose 0 = -7*r + r + 282. What is the tens digit of r?
4
Suppose 0 = 4*l + 4*u - 72, 3*u - 75 = -4*l - 0*u. What is the units digit of l?
1
Let z(f) = -4*f**3 - f**2 + 3*f + 10. What is the units digit of z(-3)?
0
Suppose -y = -2 + 1. Let c = 30 + y. What is the tens digit of c?
3
Let l = -5 - -16. Suppose l*y - 8*y = 117. What is the tens digit of y?
3
Suppose -6*l = -l - 430. What is the tens digit of l?
8
Suppose 0 = -10*h - 4*h + 5334. What is the units digit of h?
1
Let x = -24 - 0. Let q = 17 + x. Let j = -2 - q. What is the units digit of j?
5
Let a = -56 - -118. What is the tens digit of a?
6
Suppose 2 = b - 0. Suppose 3*f = -5*d + 10, 0*f - 2 = -d + b*f. Suppose 4*m - 14 = d. What is the units digit of m?
4
What is the units digit of 12/(-8) + (-1308)/(-8)?
2
Suppose 5*j = r - 5 + 52, -5*j = 3*r - 59. What is the units digit of j?
0
Let f(a) = 3*a - 2. Let l(j) = -4*j + 3. Let s(b) = -7*f(b) - 5*l(b). What is the units digit of s(-6)?
5
Let m = -55 - -77. Suppose -42 = -4*n - 2*v + 28, n = v + m. What is the units digit of n?
9
What is the units digit of ((-29)/4)/(((-4)/112)/1)?
3
Let m be (-58)/7 + (-2)/(-7). Let o = -1 - m. Let f(c) = 2*c - 10. What is the u